*r**3 + 3*r**2 - 3*r + 7. Let n(w) = k(w) - 5*z(w). Give n(y).
8
Let w(d) = 4*d - 18. Let l(v) = -5*v**3 + 6*v**2 + 55*v + 40. Let j(y) = -y**3 + y**2 + 11*y + 8. Let n(p) = 11*j(p) - 2*l(p). Let r be n(-4). What is w(r)?
30
Let n = 9459 + -9458. Let h(k) = -3*k - 11. Calculate h(n).
-14
Let c(h) = -6*h - 8*h**2 - 3*h + 9*h**3 + 24*h**2 + 4 - 12*h**2. Let s(x) = x**2 - 2*x + 1. Let d(l) = -c(l) + 4*s(l). Let p be (2 - 1)/(6/(-6)). What is d(p)?
8
Let c(k) = 17*k - 19*k - 1 - 152*k**3 + 148*k**3 + 3*k**2. Determine c(2).
-25
Let j(s) = 2*s**2 + 35*s + 146. Let l be j(-11). Let b(f) = 8*f**2 + 2*f - 15. Calculate b(l).
63
Let u = -1147 + 1206. Suppose -80 = 4*l - 316. Let h = u - l. Let i(d) = -d + 2. Give i(h).
2
Let p(q) = q - 1. Let k = -136 + 141. Suppose 0 = 5*u - 10, -m + 2*u - k = -3. Determine p(m).
1
Let h(i) = -i**2 - 141 + 0*i**2 + 327 - 14*i - 116 - 110. What is h(-5)?
5
Let m(t) = -t**3 - 7*t**2 - 2*t + 1. Let f be m(-6). Let x = 34 + f. Let i = 7 - x. Let u(w) = -3*w - 4. What is u(i)?
8
Let a(s) = s**2 + 7*s + 8. Let t(x) = -x**2 + 24*x - 93. Let o be t(4). Let p(g) = g**3 + 14*g**2 + 11*g - 32. Let d be p(o). Calculate a(d).
2
Let v(f) = -67*f**2 + 134*f**2 - 53*f**2 - 3*f**3 - 3. Let x(p) = -4*p**3 + 15*p**2 - 2. Let k(j) = 3*v(j) - 2*x(j). Calculate k(12).
-5
Let k(o) be the first derivative of -1/3*o**3 - 1/2*o**2 - 36 + 2*o + 1/4*o**4. Determine k(2).
4
Let w be (2/4)/((-1)/(-8)). Let h(u) = -23*u**2 - u + 6*u - 22*u**2 - 44 - 10*u + 46*u**2 + 46. Determine h(w).
-2
Let z(m) be the second derivative of -m**5/20 - m**4 + 5*m**3/3 - 33*m**2/2 + 2894*m. Determine z(-13).
6
Suppose y - 2 = l - 3, -2*l - 28 = 4*y. Let w = -405 + 407. Let k(g) = -5*g**w - 2649*g + 4 + 2649*g - g**3. What is k(l)?
-12
Let x = 35 + -26. Let m = -8 + x. Let l(w) be the second derivative of 4*w**3/3 - w**2/2 + 198*w. Give l(m).
7
Suppose 7*z + 3205 = 3156. Let k(i) = -2*i**2 + 2*i + 6. Calculate k(z).
-106
Let h(f) = -19*f - 6. Let u(r) be the first derivative of 7*r**2/2 + 2*r + 13. Let c(p) = -3*h(p) - 8*u(p). Give c(2).
4
Let s(h) = 13*h**2 - h - 7. Let m(i) = 11*i**2 - i - 5. Let a(z) = -5*m(z) + 4*s(z). Let u(n) = -n**2 - 4*n. Let q be u(-3). Determine a(q).
-27
Let c be (90/25)/((-2)/(-5)). Let u be (-186)/(-14) + 0 + (-6)/21. Suppose c = u*f - 10*f. Let l(r) = r**3 - r**2 - 2*r + 1. Calculate l(f).
13
Let j(y) be the first derivative of 0*y**2 + 8/3*y**3 - 53 - y. Determine j(1).
7
Let x(c) be the third derivative of c**4/24 + 5*c**3/2 - 6*c**2. Let y = -102 - -127. Let w = 25 - y. Determine x(w).
15
Let z(j) = 2 + 0*j + 2*j + 4 + 3. Suppose -146 = 52*y + 270. Determine z(y).
-7
Let y be (-13 + 75/5)*-1. Let l(w) be the first derivative of -w**3/3 - 3*w**2/2 - w - 4. Calculate l(y).
1
Let g(u) = -1104*u - 1113*u + 2232*u - 121 + 403. What is g(-19)?
-3
Let j(c) = -2*c**3 - 11*c**2 + 12*c - 7. Let y(x) = -7*x**3 - 33*x**2 + 35*x - 20. Let o(d) = -13*j(d) + 4*y(d). Calculate o(4).
-5
Suppose -2*w - 4*p = -12, 2*w = 5*p - 4*p + 2. Let x be 1/((w/14)/(-1)). Let r(h) = h + 4. What is r(x)?
-3
Let u(m) = -m**2 - 3. Let d = -174 - -33. Let b = d - -141. Determine u(b).
-3
Let k(p) = -p**3 - 9*p**2 - 7*p + 11. Let q = 195 + -227. Let j be ((-9)/3)/(148/q + 5). What is k(j)?
3
Suppose -2963 = 18*i - 2855. Let o(y) = 4*y**2 + 30*y + 37. What is o(i)?
1
Let n(y) = 4*y**3 + 3*y**2 - 15*y - 5. Let d(s) = 5*s**3 + 4*s**2 - 20*s - 4. Let t(v) = 3*d(v) - 4*n(v). Give t(0).
8
Let y(t) = 2*t**2 + 13*t - 8 + t**2 - 4*t**2. Let n be y(13). Let h(v) be the first derivative of -v**2/2 - 8*v + 689. Give h(n).
0
Let h(z) = 429*z - 182*z - 21 + 4*z**2 - 257*z - 5*z**2. Calculate h(-9).
-12
Suppose -136*q - 60 = 5*k - 131*q, 3*k + 8 = 4*q. Let j(t) = -1 + 8 + 4 + 3*t. Calculate j(k).
-13
Let v(n) = 2*n**3 + 11*n**2 - 116*n + 145. Let q(h) = h**3 + 6*h**2 - 59*h + 86. Let u(j) = -5*q(j) + 3*v(j). Give u(-9).
-4
Let y(c) = 3*c**2 + 10*c - 6. Let h(v) = 4*v**2 + 16*v - 9. Let a(b) = 5*h(b) - 7*y(b). Give a(4).
21
Let n(x) = -x**2 - 4*x + 8. Suppose 3*k - 4*i = -1, 4*i = 4*k + 2*i - 12. Calculate n(k).
-37
Let s(m) = -22*m**2 - 29*m + 36. Let l(a) = -3*a**2 - 2*a - 1. Let j(i) = 7*l(i) - s(i). Determine j(-18).
11
Let j(q) = -7*q**3 - 4*q**2 + 11*q - 27. Let f(o) = 13*o**3 + 7*o**2 - 22*o + 51. Let h(a) = -6*f(a) - 11*j(a). Determine h(4).
3
Let s(g) = 19*g + 814 - 282 - 275 + 2*g - 279. What is s(-4)?
-106
Let c(l) = 9*l + 3. Let x(f) = 20*f + 139. Let a be x(-7). Let b(o) = 2. Let m(w) = a*b(w) + c(w). Calculate m(-1).
-8
Suppose -1336 = -174*t - 466. Let j(b) be the second derivative of b**5/20 - b**4/3 - b**3/2 + 7*b**2/2 + 2*b. What is j(t)?
17
Let t(q) = -390*q**2 - q - 7. Let n(h) = -712*h**2 - h - 13. Let c(z) = 6*n(z) - 11*t(z). Give c(1).
22
Let i(n) = -n**3 - 16*n**2 - 34*n + 61. Let t = 14450 - 14463. Calculate i(t).
-4
Let h = 658 + -654. Let n(q) = q**3 - 5*q**2 - 6*q + 2. What is n(h)?
-38
Let r(n) = n**2 - n + 3. Suppose 27 = 39*h - 12. Let c(b) = -5*b**2 + b - 13. Let k(y) = h*c(y) + 4*r(y). Calculate k(4).
-29
Let k(m) be the first derivative of m**5/60 - m**4/12 - 5*m**3/3 + m - 34. Let o(g) be the third derivative of k(g). Calculate o(-1).
-4
Let p(c) = -15*c - 74. Let n(b) = 2*b**3 + 7*b**2 - 27*b + 13. Let x be n(-6). Give p(x).
1
Suppose 6*m + 284 = 4*u + 11*m, 4*u = 2*m + 256. Let n = 98 - u. Suppose 4*y + 3*l = -n, -3*y + 8*y + 13 = 3*l. Let g(d) = d + 11. What is g(y)?
6
Let t(k) be the first derivative of k**3/3 + 5*k**2/2 - 23*k - 480. Determine t(-7).
-9
Let f(m) = 2*m**2 + 18*m + 4. Suppose -9 - 7 = -4*s. Let j be (s - 2)*((-22)/4 + 1). What is f(j)?
4
Let y(z) be the third derivative of z**5/60 + z**4/2 + 17*z**3/3 + 10*z**2 + 16*z. Calculate y(-5).
-1
Let k be ((-1)/((-1)/(-1)))/(4/32). Let j(m) = -10*m - 2. Let w be j(-3). Let v(u) = u**2 - 10*u**2 - w*u**3 - 8*u + 27*u**3 - 7. Give v(k).
-7
Let r be (-36)/((-2 - 1)*20/30). Let j(u) = -2*u**3 + 37*u**2 - 16*u - 40. Calculate j(r).
-4
Let y(q) = -10*q + 4. Suppose -3*w = -73 + 73. Suppose f - 5*c + 17 = w, 0*f = -f - c + 7. Determine y(f).
-26
Let y(l) = l**2 + 2*l + 1. Let z(f) = f**2 + 13*f + 2. Let u(d) = -2*y(d) + z(d). Let n be 256/28 + 6/(-42). Give u(n).
0
Let n(o) = 4*o - 62. Let b be n(22). Let x = b - 22. Let i(u) = 2 + 2 + 3*u**2 - u - x*u**2. Calculate i(-5).
-16
Let l(o) = -11*o**2 - 1248*o + 440. Let i(g) = 2*g**2 + 250*g - 89. Let d(h) = 29*i(h) + 6*l(h). Give d(-30).
-1
Let b(m) = -3*m - 50193 + 50186 - 5*m. Determine b(3).
-31
Let r(c) = -4*c - 72. Let b be r(-17). Let l(v) = -4*v - 83 + 2*v + 82. What is l(b)?
7
Let h(v) = v**3 - 7*v**2 - 10*v + 15. Suppose -988 = -46*u + 42*u. Let x = u + -239. Calculate h(x).
-1
Let p = -5340 + 5354. Let d(u) = -u**3 + 13*u**2 + 9*u + 20. Determine d(p).
-50
Let z be (5 - (-63)/(-12))/((-7)/(-56)). Let a(w) = -7*w**2 - w + 2. Determine a(z).
-24
Let g = -50 + 62. Suppose -9 = w - g. Let m(l) = -2*l + 4. Let r(i) = i - 3. Let a(k) = -2*m(k) - 3*r(k). Determine a(w).
4
Let f(d) = -81*d**2 + 80*d**2 + 5*d + 12 + 3*d. Let i(r) = r**2 - 10*r - 29. Let a be i(13). Determine f(a).
-8
Suppose 5*u = 3*u - 10. Let j be (u/(6 - 1))/1 - -6. Let t(z) = -z**2 + 4*z + 7. Calculate t(j).
2
Let f(i) = 6*i**3 - 4*i**2 - 34*i - 1. Let h(j) = j**3 - 8*j. Let n(t) = f(t) - 5*h(t). What is n(3)?
8
Let y(p) = 2*p**3 + 16*p**2 - 301*p - 13. Let g(n) = n**3 + 9*n**2 - 164*n - 7. Let v(h) = 11*g(h) - 6*y(h). Give v(6).
-95
Let c(z) = -z + 8. Let g(i) = -i**3 + 8*i**2 + 11*i - 9. Let q be g(9). Suppose -16 = w - 5*k + k, k = -w + q. Let j be (w/(-3))/(-2)*6. What is c(j)?
4
Suppose 0 = 2*h - 2, 5*s - 2*h + 0*h = 3. Let u(z) be the third derivative of 11*z**4/24 - 5*z**3/6 - 503*z**2. What is u(s)?
6
Let f(l) = l**2 - 8*l - 1. Suppose 8*d - 60 = 4*d. Let r = 51 + -48. Suppose z - d = -r*k - k, -3*k - 3*z = 0. Calculate f(k).
-16
Let n(i) = i**2 - 4*i + 9. Let s(c) = -2*c + 28. Let x be s(12). Let p be (-36)/4*x/(-1). Suppose p*t = 23*t + 78. Determine n(t).
21
Let x(q) = -4*q - 19. Suppose -850 + 1735 = -59*l. Calculate x(l).
41
Suppose 0 = c - 5*c, 3*u = 2*c + 132. Let h(z) = u*z**3 - 47*z**3 + 5 - 2*z + 2*z**3 - 5*z**2. Give h(-2).
-3
Let r(i) = -10*i**3 + 2*i**2 - 3*i. Let a = -17096 - -17097. Give r(a).
-11
Let i(h) be the third derivative of -h**5/60 - 3*h**